{"version":"1.0","provider_name":"Suomalais-Virolainen Kauppakamari","provider_url":"https:\/\/fecc.ee\/fi","title":"17.02.2025 Soome-Eesti Kaubanduskoja liikmete \u00fcldkoosolek | Soome-Eesti Kaubanduskoda","type":"rich","width":600,"height":338,"html":"<blockquote class=\"wp-embedded-content\" data-secret=\"9aem6ukV80\"><a href=\"https:\/\/fecc.ee\/fi\/17-02-2025-soome-eesti-kaubanduskoja-liikmete-uldkoosolek\/\">17.2.2025 Suomalais-Virolaisen Kauppakamarin yleiskokous<\/a><\/blockquote><iframe sandbox=\"allow-scripts\" security=\"restricted\" src=\"https:\/\/fecc.ee\/fi\/17-02-2025-soome-eesti-kaubanduskoja-liikmete-uldkoosolek\/embed\/#?secret=9aem6ukV80\" width=\"600\" height=\"338\" title=\"&#8221;17.02.2025 Soome-Eesti Kaubanduskoja liikmete \u00fcldkoosolek&#8221; &#8212; Soome-Eesti Kaubanduskoda\" data-secret=\"9aem6ukV80\" frameborder=\"0\" marginwidth=\"0\" marginheight=\"0\" scrolling=\"no\" class=\"wp-embedded-content\"><\/iframe><script>\n\/*! This file is auto-generated *\/\n!function(d,l){\"use strict\";l.querySelector&&d.addEventListener&&\"undefined\"!=typeof URL&&(d.wp=d.wp||{},d.wp.receiveEmbedMessage||(d.wp.receiveEmbedMessage=function(e){var t=e.data;if((t||t.secret||t.message||t.value)&&!\/[^a-zA-Z0-9]\/.test(t.secret)){for(var s,r,n,a=l.querySelectorAll('iframe[data-secret=\"'+t.secret+'\"]'),o=l.querySelectorAll('blockquote[data-secret=\"'+t.secret+'\"]'),c=new RegExp(\"^https?:$\",\"i\"),i=0;i<o.length;i++)o[i].style.display=\"none\";for(i=0;i<a.length;i++)s=a[i],e.source===s.contentWindow&&(s.removeAttribute(\"style\"),\"height\"===t.message?(1e3<(r=parseInt(t.value,10))?r=1e3:~~r<200&&(r=200),s.height=r):\"link\"===t.message&&(r=new URL(s.getAttribute(\"src\")),n=new URL(t.value),c.test(n.protocol))&&n.host===r.host&&l.activeElement===s&&(d.top.location.href=t.value))}},d.addEventListener(\"message\",d.wp.receiveEmbedMessage,!1),l.addEventListener(\"DOMContentLoaded\",function(){for(var e,t,s=l.querySelectorAll(\"iframe.wp-embedded-content\"),r=0;r<s.length;r++)(t=(e=s[r]).getAttribute(\"data-secret\"))||(t=Math.random().toString(36).substring(2,12),e.src+=\"#?secret=\"+t,e.setAttribute(\"data-secret\",t)),e.contentWindow.postMessage({message:\"ready\",secret:t},\"*\")},!1)))}(window,document);\n\/\/# sourceURL=https:\/\/fecc.ee\/wp-includes\/js\/wp-embed.min.js\n<\/script>","thumbnail_url":"https:\/\/fecc.ee\/wp-content\/uploads\/2025\/02\/Juhatus25-26.jpeg","thumbnail_width":1600,"thumbnail_height":756,"description":"Soome-Eesti Kaubanduskoda korraldas aastakoosoleku oma liikme Sokos Hotel Viru juures. Suursaadik Vesa Vasara jagas kohtumise alguses m\u00f5tteid Soome ja Eesti suhetest, koost\u00f6\u00f6st ja julgeolukust. Kaubanduskojale valiti ka uus juhatus! T\u00e4name aktiivse osalemise eest..."}

17.02.2025 Soome-Eesti Kaubanduskoja liikmete üldkoosolek | Soome-Eesti Kaubanduskoda

<blockquote class="wp-embedded-content" data-secret="9aem6ukV80"><a href="https://fecc.ee/fi/17-02-2025-soome-eesti-kaubanduskoja-liikmete-uldkoosolek/">17.2.2025 Suomalais-Virolaisen Kauppakamarin yleiskokous</a></blockquote><iframe sandbox="allow-scripts" security="restricted" src="https://fecc.ee/fi/17-02-2025-soome-eesti-kaubanduskoja-liikmete-uldkoosolek/embed/#?secret=9aem6ukV80" width="600" height="338" title="&#8221;17.02.2025 Soome-Eesti Kaubanduskoja liikmete üldkoosolek&#8221; &#8212; Soome-Eesti Kaubanduskoda" data-secret="9aem6ukV80" frameborder="0" marginwidth="0" marginheight="0" scrolling="no" class="wp-embedded-content"></iframe><script>
/*! This file is auto-generated */
!function(d,l){"use strict";l.querySelector&&d.addEventListener&&"undefined"!=typeof URL&&(d.wp=d.wp||{},d.wp.receiveEmbedMessage||(d.wp.receiveEmbedMessage=function(e){var t=e.data;if((t||t.secret||t.message||t.value)&&!/[^a-zA-Z0-9]/.test(t.secret)){for(var s,r,n,a=l.querySelectorAll('iframe[data-secret="'+t.secret+'"]'),o=l.querySelectorAll('blockquote[data-secret="'+t.secret+'"]'),c=new RegExp("^https?:$","i"),i=0;i<o.length;i++)o[i].style.display="none";for(i=0;i<a.length;i++)s=a[i],e.source===s.contentWindow&&(s.removeAttribute("style"),"height"===t.message?(1e3<(r=parseInt(t.value,10))?r=1e3:~~r<200&&(r=200),s.height=r):"link"===t.message&&(r=new URL(s.getAttribute("src")),n=new URL(t.value),c.test(n.protocol))&&n.host===r.host&&l.activeElement===s&&(d.top.location.href=t.value))}},d.addEventListener("message",d.wp.receiveEmbedMessage,!1),l.addEventListener("DOMContentLoaded",function(){for(var e,t,s=l.querySelectorAll("iframe.wp-embedded-content"),r=0;r<s.length;r++)(t=(e=s[r]).getAttribute("data-secret"))||(t=Math.random().toString(36).substring(2,12),e.src+="#?secret="+t,e.setAttribute("data-secret",t)),e.contentWindow.postMessage({message:"ready",secret:t},"*")},!1)))}(window,document);
//# sourceURL=https://fecc.ee/wp-includes/js/wp-embed.min.js
</script>

Soome-Eesti Kaubanduskoda korraldas aastakoosoleku oma liikme Sokos Hotel Viru juures. Suursaadik Vesa Vasara jagas kohtumise alguses mõtteid Soome ja Eesti suhetest, koostööst ja julgeolukust. Kaubanduskojale valiti ka uus juhatus! Täname aktiivse osalemise eest...
